
False
Is 5832999917 prime?
False
Is 8833190999 composite?
False
Is 236309813 a composite number?
True
Is 2848091509 a prime number?
True
Is 2736427591 prime?
False
Is 33748687573 a composite number?
True
Is 27426850793 a composite number?
False
Is 611023921 prime?
True
Is 1021642442 a prime number?
False
Is 3143892181 a prime number?
False
Is 1738201307 prime?
True
Is 9348695393 composite?
True
Is 460477739 prime?
True
Is 4994599 composite?
False
Is 403584955 a prime number?
False
Is 11955335129 a composite number?
True
Is 3720479881 prime?
True
Is 278496331 prime?
True
Is 17045641007 composite?
True
Is 7845192841 prime?
True
Is 7866870437 composite?
False
Is 17793911 composite?
False
Is 1037148967 a composite number?
True
Is 15954092491 a composite number?
True
Is 599728111 a prime number?
False
Is 2749727107 a prime number?
False
Is 18281175659 a composite number?
True
Is 3893867749 prime?
True
Is 272793950369 prime?
True
Is 470630077 a composite number?
False
Is 42617655299 a composite number?
True
Is 34169351267 composite?
False
Is 526335647 a prime number?
True
Is 3897635059 composite?
False
Is 1094839303 a composite number?
False
Is 349214729 composite?
True
Is 23628413903 a composite number?
False
Is 158636749 prime?
False
Is 10867282709 a composite number?
False
Is 257869319 prime?
False
Is 17014693273 a prime number?
False
Is 742462129 a prime number?
True
Is 27763703579 prime?
False
Is 12313239181 a composite number?
False
Is 205519454009 prime?
True
Is 7694264231 a composite number?
False
Is 54207011843 a prime number?
False
Is 3424870102 a composite number?
True
Is 1979729207 a composite number?
False
Is 628942651 composite?
False
Is 167277762107 a composite number?
True
Is 4359659633 composite?
True
Is 142473509 a composite number?
False
Is 174739798 a composite number?
True
Is 3659975063 composite?
False
Is 8175954481 a composite number?
False
Is 40227883231 composite?
False
Is 6167016881 a prime number?
True
Is 1959935597 a composite number?
False
Is 149350517 prime?
True
Is 23689506227 a prime number?
True
Is 1565286551 prime?
False
Is 2618626537 prime?
False
Is 501688357 composite?
True
Is 41979773507 composite?
True
Is 4913372327 a composite number?
False
Is 135961957 a composite number?
True
Is 48783297763 composite?
True
Is 62440938893 composite?
True
Is 20131398983 prime?
True
Is 1314492313 composite?
True
Is 162453899 a composite number?
True
Is 2330185133 composite?
False
Is 127256963 a prime number?
True
Is 121556087 composite?
True
Is 624466543 a prime number?
True
Is 1142499653 a composite number?
True
Is 591197371 a composite number?
False
Is 1625129543 composite?
True
Is 27082330043 composite?
False
Is 5958591937 composite?
False
Is 694867181 composite?
False
Is 25715351 a prime number?
False
Is 6000158165 composite?
True
Is 48616690753 prime?
True
Is 598762337 a prime number?
True
Is 1040882477 prime?
False
Is 307474912699 prime?
False
Is 19346321251 composite?
False
Is 26323882307 a composite number?
True
Is 470160617 a composite number?
False
Is 710986355 a composite number?
True
Is 1507365227 prime?
True
Is 60701954023 a composite number?
False
Is 10267515541 prime?
True
Is 98842019 a prime number?
False
Is 57949852559 a composite number?
False
Is 2565634397 a composite number?
True
Is 18202906187 prime?
True
Is 826627541 a composite number?
True
Is 952825373 prime?
True
Is 34130239427 composite?
False
Is 2275336501 prime?
True
Is 1004653087 composite?
True
Is 16646856607 prime?
True
Is 341238707 a composite number?
True
Is 500041709 composite?
True
Is 1081763717 prime?
True
Is 383149537 a prime number?
False
Is 34618273309 prime?
True
Is 1193403881 a composite number?
True
Is 1747500277 a prime number?
False
Is 5037429011 a composite number?
True
Is 3711851029 a composite number?
False
Is 78034459 prime?
True
Is 137440848959 a prime number?
False
Is 9557754797 a prime number?
True
Is 720395611 composite?
True
Is 172012120313 a prime number?
False
Is 15037338247 prime?
True
Is 235493179 a composite number?
True
Is 2060787097 a prime number?
False
Is 638245291 prime?
False
Is 2910990373 prime?
False
Is 7020396205 composite?
True
Is 963260383 a prime number?
True
Is 24835345193 a prime number?
True
Is 17606728093 composite?
True
Is 86860265 composite?
True
Is 56865493 a prime number?
False
Is 8212599511 prime?
False
Is 119040736161 composite?
True
Is 533819563 a composite number?
True
Is 32044934867 composite?
True
Is 1318847917 a prime number?
False
Is 4607876887 composite?
True
Is 115946388869 a composite number?
True
Is 57717885349 a prime number?
True
Is 21621283651 a prime number?
False
Is 52823222299 prime?
True
Is 585037523 a composite number?
True
Is 416907187 a prime number?
True
Is 361388047 a composite number?
False
Is 87781237 composite?
False
Is 25498758671 prime?
False
Is 7270476497 prime?
False
Is 972435307 a prime number?
True
Is 19940093057 composite?
True
Is 33933018199 a composite number?
False
Is 2893130321 prime?
True
Is 13590764227 prime?
False
Is 246123631091 a prime number?
False
Is 2175602617 a prime number?
True
Is 15447322889 composite?
True
Is 3611616023 composite?
False
Is 4158082391 a prime number?
True
Is 10049037599 prime?
False
Is 23056427 a composite number?
True
Is 221429083 prime?
False
Is 353017519 prime?
True
Is 162653342897 composite?
True
Is 96015760483 composite?
False
Is 30813332687 a prime number?
True
Is 136493096717 a composite number?
False
Is 207837061 a composite number?
True
Is 8075721109 composite?
False
Is 147719646097 prime?
True
Is 121276049519 a composite number?
False
Is 59733688621 composite?
False
Is 1753833721 a composite number?
False
Is 47392548743 prime?
False
Is 195109544291 prime?
True
Is 484786987 a composite number?
True
Is 3417630857 prime?
True
Is 11332603313 composite?
False
Is 331401469 composite?
True
Is 155446027 a composite number?
True
Is 222418259801 a prime number?
True
Is 15124267337 prime?
False
Is 160912197617 composite?
False
Is 255992189 prime?
False
Is 961569629 prime?
True
Is 10142550017 prime?
True
Is 98509619317 a prime number?
False
Is 4522252213 prime?
False
Is 1605861989 prime?
True
Is 311490191 a composite number?
True
Is 3865392589 a composite number?
False
Is 1333924961 a prime number?
False
Is 827555327 a prime number?
True
Is 13978469 a prime number?
True
Is 7431595487 prime?
True
Is 13057795613 prime?
False
Is 819228337 a prime number?
False
Is 8201179751 prime?
True
Is 1025629843 prime?
False
Is 1949341883 a composite number?
False
Is 9514111669 a prime number?
True
Is 95264790583 composite?
True
Is 2158544777 a prime number?
True
Is 63318588859 a prime number?
True
Is 806221483 a composite number?
False
Is 22095739553 a composite number?
False
Is 6020515063 prime?
False
Is 35910422837 a prime number?
True
Is 2587046941 a prime number?
False
Is 16184708201 prime?
True
Is 5902340341 prime?
False
Is 44822653243 a prime number?
True
Is 4822608697 a composite number?
True
Is 5278631441 a composite number?
True
Is 5981557081 prime?
False
Is 2503857781 a composite number?
False
Is 99144709 a composite number?
True
Is 22232519851 composite?
False
Is 3181274449 prime?
True
Is 197043930917 a prime number?
False
Is 11550340717 a prime number?
False
Is 11118618097 composite?
False
Is 5198415517 a prime number?
True
Is 72125993965 a composite number?
True
Is 478148947 a prime number?
True
Is 21596615501 prime?
True
Is 191548879003 a prime number?
False
Is 5849793749 composite?
False
Is 2167047395 composite?
True
Is 136685518447 a composite number?
False
Is 99603913 a composite number?
False
Is 134651477 a composite number?
False
Is 585144059 prime?
True
Is 55696215599 a prime number?
False
Is 85985771 a composite number?
False
Is 27648258793 composite?
True
Is 4337372386 a composite number?
True
Is 592556429 a prime number?
False
Is 45320369 composite?
False
Is 5559390143 prime?
True
Is 14015174479 a prime number?
True
Is 292562029 a composite number?
True
Is 197153257901 a prime number?
True
Is 305362447 a composite number?
True
Is 3170004001 a composite number?
True
Is 2659195967 prime?
True
Is 396718051 a prime number?
True
Is 1906879907 prime?
True
Is 22075105729 prime?
True
Is 176041799 composite?
False
Is 10868755679 comp